{"id":16,"date":"2020-04-18T08:26:37","date_gmt":"2020-04-18T08:26:37","guid":{"rendered":"http:\/\/antony-ayurveda.de\/?page_id=16"},"modified":"2021-01-24T11:30:16","modified_gmt":"2021-01-24T11:30:16","slug":"impressum","status":"publish","type":"page","link":"https:\/\/www.antony-ayurveda.de\/ayurveda\/impressum","title":{"rendered":"Impressum"},"content":{"rendered":"\n<p><strong>Angaben gem\u00e4\u00df \u00a7 5 TMGv<\/strong><\/p>\n\n\n\n<p><strong>Heilpraktiker Sojimon Antony, ebenfalls Verantwortlicher f\u00fcr den Inhalt der Homepage nach \u00a7 55 Abs. 2 RstV:<\/strong><\/p>\n\n\n\n<p>Heilpraktiker Praxis<\/p>\n\n\n\n<p>Sojimon Antony<\/p>\n\n\n\n<p>Rheinstr. 97<\/p>\n\n\n\n<p>45219 Essen<\/p>\n\n\n\n<p><strong>Kontakt:<\/strong><\/p>\n\n\n\n<p>Telefon: 02054 9885133<\/p>\n\n\n\n<p>E-Mail: <a href=\"mailto:info@antony-ayurveda.de\">info@antony-ayurveda.de<\/a><\/p>\n\n\n\n<p><strong>Gesetzliche Berufsbezeichnung<\/strong>: Heilpraktiker (verliehen in der Bundesrepublik Deutschland)<\/p>\n\n\n\n<p><br><strong>Zust\u00e4ndige Aufsichtsbeh\u00f6rde<\/strong>: Gesundheitsamt Friedberg<\/p>\n\n\n\n<p><br><strong>Berufsrechtliche Regelungen<\/strong>: Gesetz \u00fcber die berufsm\u00e4\u00dfige Aus\u00fcbung der Heilkunde ohne \u00e4rztliche Bestallung (Heilpraktikergesetz) und Durchf\u00fchrungsverordnung: Nachzulesen im Internet unter: <a href=\"http:\/\/www.gesetze-im-internet.de\/heilprg\/index.html\" target=\"_blank\" rel=\"noreferrer noopener\">http:\/\/www.gesetze-im-internet.de\/heilprg\/index.html<\/a> und <a href=\"http:\/\/www.gesetze-im-internet.de\/heilprgdv_1\/index.html\" target=\"_blank\" rel=\"noreferrer noopener\">http:\/\/www.gesetze-im-internet.de\/heilprgdv_1\/index.html<\/a><br><br><strong>Berufsordnung<\/strong>: Nachzulesen im Internet unter <a href=\"http:\/\/www.heilpraktiker.org\/die-berufsordnung-fuer-heilpraktiker\">http:\/\/www.heilpraktiker.org\/die-berufsordnung-fuer-heilpraktiker<\/a><\/p>\n\n\n\n<p><br><strong>Berufshaftpflichtversicherung<\/strong>: Generali Versichrung<\/p>\n\n\n\n<p><br>Die Heilkundliche T\u00e4tigkeit ist von der Umsatzsteuer nach gem\u00e4\u00df \u00a7 4 Nr.14 UStG befreit<\/p>\n\n\n\n<p><br><strong>Geltungsbereich<\/strong>: Bundesrepublik Deutschland<\/p>\n\n\n\n<p>Bilderquelle: Baybymassage iStock_94368331_naumoid_web.jpg<\/p>\n\n\n\n<p>Bilderquelle: Sojimon Antony<\/p>\n\n\n\n<p><\/p>\n\n\n\n<p><br><strong>Quelle<\/strong>: <a href=\"https:\/\/ausbildungheilpraktiker.info\" target=\"_blank\" rel=\"noreferrer noopener\">ausbildungheilpraktiker.info<\/a><\/p>\n","protected":false},"excerpt":{"rendered":"<p>Angaben gem\u00e4\u00df \u00a7 5 TMGv Heilpraktiker Sojimon Antony, ebenfalls Verantwortlicher f\u00fcr den Inhalt der Homepage nach \u00a7 55 Abs. 2 RstV: Heilpraktiker Praxis Sojimon Antony Rheinstr. 97 45219 Essen Kontakt: Telefon: 02054 9885133 E-Mail: info@antony-ayurveda.de Gesetzliche Berufsbezeichnung: Heilpraktiker (verliehen in der Bundesrepublik Deutschland) Zust\u00e4ndige Aufsichtsbeh\u00f6rde: Gesundheitsamt Friedberg Berufsrechtliche Regelungen: Gesetz \u00fcber die berufsm\u00e4\u00dfige Aus\u00fcbung der [&hellip;]<\/p>\n","protected":false},"author":1,"featured_media":0,"parent":0,"menu_order":0,"comment_status":"closed","ping_status":"closed","template":"","meta":{"footnotes":""},"class_list":["post-16","page","type-page","status-publish","hentry","post"],"_links":{"self":[{"href":"https:\/\/www.antony-ayurveda.de\/ayurveda\/wp-json\/wp\/v2\/pages\/16"}],"collection":[{"href":"https:\/\/www.antony-ayurveda.de\/ayurveda\/wp-json\/wp\/v2\/pages"}],"about":[{"href":"https:\/\/www.antony-ayurveda.de\/ayurveda\/wp-json\/wp\/v2\/types\/page"}],"author":[{"embeddable":true,"href":"https:\/\/www.antony-ayurveda.de\/ayurveda\/wp-json\/wp\/v2\/users\/1"}],"replies":[{"embeddable":true,"href":"https:\/\/www.antony-ayurveda.de\/ayurveda\/wp-json\/wp\/v2\/comments?post=16"}],"version-history":[{"count":2,"href":"https:\/\/www.antony-ayurveda.de\/ayurveda\/wp-json\/wp\/v2\/pages\/16\/revisions"}],"predecessor-version":[{"id":261,"href":"https:\/\/www.antony-ayurveda.de\/ayurveda\/wp-json\/wp\/v2\/pages\/16\/revisions\/261"}],"wp:attachment":[{"href":"https:\/\/www.antony-ayurveda.de\/ayurveda\/wp-json\/wp\/v2\/media?parent=16"}],"curies":[{"name":"wp","href":"https:\/\/api.w.org\/{rel}","templated":true}]}}